(0 - 0) + (-12 - 2) + (-597 - -575)?
-36
Evaluate 21 + -15 + 8 - (-2 + -13 - -2).
27
Evaluate 6 + (14 - -26) + -17 + -4.
25
-9 - (108 + -19 + (48 - 59) + 14 + 2)
-103
-2 - (2 - 9) - (-15 + 9) - 26
-15
Calculate 3 + -58 - (330 - 385).
0
Evaluate 307 + -294 - (2 + -3 - -4).
10
Calculate -50 - (-6 + ((3 - 3) + 4 - -4) - 10).
-42
Calculate 248 - -39 - 150 - 161.
-24
Calculate (-13 - (-5 - 0)) + -9 + 82 + -12 + 3.
56
What is the value of -5 + -8 - 20 - (66 + -81)?
-18
Calculate -93 + -8 + -359 + 403.
-57
What is 80 - (-33 + -20 + 34 - -19)?
80
Evaluate (-5 - -33) + -5 - (145 + -130).
8
What is -58 + 49 - (3 + -13) - (2 + -20)?
19
Calculate 19 - -18 - (-51 - (18 + 12)).
118
(-1 - 7 - 17) + -5 - (6 - 8)
-28
What is -1 + (1 - 19) - (34 + -16 + -27 - -6)?
-16
What is the value of -12 + (37 - -23) + 36?
84
0 - (-1 + 6 + (-25 - (22 - -26 - 10)))
58
Evaluate -9 + 13 + (-3 + -3 - (-5 + 3 + 132)).
-132
What is (29 - (14 + -8)) + -5 + (5 - 8) + 6?
21
Calculate 6 + 5 + (16 + -18 - (7 + -1)) + -1.
2
What is the value of 3 + (-17 - (0 + -15)) - 39?
-38
What is the value of 13 - -24 - 67 - 58?
-88
(-28 - (1 + -10 + 5)) + -49 + 56
-17
Evaluate 0 + 6 + -17 + 15 + -3.
1
Calculate 23 - (1 - -20 - (47 + -62)).
-13
Evaluate 1003 - 998 - ((2 + 5 - (6 - 1)) + -94).
97
What is the value of -6 + (-27 - 2) - -18 - (-3 - 78)?
64
(-35 - (-2 - (-3 + 5) - (-10 - -7))) + -5
-39
Evaluate (30730 - 30751) + (-1 - ((-1 - -10) + 0)).
-31
What is 3 + -4 + (-1765 - -1702)?
-64
What is the value of -75 + 7 + -9 + 1 + 20 + -7?
-63
Calculate 38 + (-48 - -5) + -90 + 27.
-68
What is the value of 11 + (-38 - (42 + -71))?
2
Evaluate 13 + (-53 + 30 - -35) + -77.
-52
Evaluate (0 - (2 - ((-4 - 7) + 9)) - -29) + 10.
35
What is 126 + (-110 - 34) + (-99 - (-4 + 4))?
-117
What is the value of 31 - (-20 + (-27 - -25) - 7)?
60
Evaluate 16 + 15 + -55 - (2 - -18).
-44
Calculate 57 - ((-11 - (-8 + 70)) + 35).
95
6 + -66 - (5 + 7 + -29 - -2)
-45
Evaluate (5 - -7 - (-2 + -3) - -68) + -11.
74
What is the value of -1 + (15 - -4 - 11) - 17?
-10
Evaluate 14 + (-26 - (-126 + 30 - -28)).
56
Evaluate 6 - -17 - (200 + -201).
24
What is -52 + (-11 + 28 - 52) + 3?
-84
-7 + (-55 + 17 - -23) - -25
3
Evaluate -2 - (0 - 16 - (101 - 4 - (273 - 298))).
136
What is the value of 5 + -121 + 95 + 29?
8
Evaluate -15 - (15 - 66 - -15 - 6).
27
Calculate -2 - -18 - 1 - (-43 + 294 + -186).
-50
-19 + -4 - 0 - (3 + (-29 - -36))
-33
Evaluate -11 - -5 - ((28 + 2 - -8) + 18 + -30).
-32
(6 - 12) + -4 + (45 - ((-3 - -4) + 10))
24
What is the value of (67 - 65) + (3 + 13 - -20)?
38
Calculate (-26 - -90) + -100 - -13.
-23
Calculate -31 + 2 + -77 + (-11 - -7 - 3) + 7.
-106
30 + -40 + 1 + (-13 - -2 - (2 - 3))
-19
What is 43 - ((-27 - (-26 - 21)) + 7)?
16
Calculate -44 + (92 - 70 - -46).
24
Calculate 8 + 8 - ((32 - 6) + 34).
-44
-5 + (-8 - -50 - (1 - -11))
25
What is the value of -13 + (15 - (-8 + 13) - 11)?
-14
Evaluate -131 - (112 + -95 + -20).
-128
Evaluate -1 + 4 - (13 - -12 - -31).
-53
What is the value of (5 - -2) + (124 - 56) + -66?
9
Evaluate -39 + 4 - (-5 - -25).
-55
(0 - -9) + (24 - 1 - (636 + -567))
-37
Calculate 2 + 24 + (-77 - -93).
42
What is (-50 - (-47 + 19)) + (42 - -70)?
90
-11 + 273 + -247 + 22 + -1
36
What is 14 + -90 + (8 - (-14 + -1 - -30))?
-83
Evaluate 2 - (1 - 2) - (225 + (83 - 236)) - 3.
-72
What is the value of 15 + -33 - 6 - (-15 - 37)?
28
What is the value of -10 + -20 + 64 + -62?
-28
What is the value of -13 - (22 + -15 + -11)?
-9
Evaluate 19 - (-2 + 0 - ((54 - 33) + -20)).
22
Evaluate (83 - 98 - (-37 + -1)) + 23.
46
-123 + 394 - 301 - (-99 + 0)
69
What is the value of 21 + -19 + (3 + -1 - 2) + -21 + -3?
-22
Calculate -339 - -162 - (-126 - 8).
-43
What is the value of 31 - (64 + 18 + -30)?
-21
Evaluate (2 + 0 - -5) + (4 - -1) + (65 - 68).
9
What is 0 + 0 + 30 - 1 - (33 + 58 - 100)?
38
Evaluate 5 + -2 - (-57 + -1 - (-6 - 19)).
36
-10 - 7 - 21 - (-9 - (3 - 9))
-35
14 - 24 - (-9 + 10 - 58) - 0
47
What is the value of (-21 - -12 - -79) + (27 - -11)?
108
What is the value of -89 + 74 - (3 - (13 + 6 + 8))?
9
What is the value of -45 - (54 + -71 + -35)?
7
Evaluate 3 + 3 - (-3 + 63 + (7 - 10)).
-51
What is 4 + (40 - 49 - 2 - (1 - 10))?
2
What is 1 + (-3 - -3) + 1 + (-15 - -5) - 2?
-10
Calculate -9 - 3 - ((45 - -28) + -4 + 3 + -6).
-78
What is (35 - 58 - -10) + (-4 - -28) - 79?
-68
What is (-67 - -2) + (21 - (32 - 31) - 28)?
-73
-756 + 678 - (-1 - -6)
-83
Calculate 17 - (12 + 2 + -29 + (-61 - -41)).
52
Calculate (47 - 45) + 12 + (7 - 55) + -3.
-37
Evaluate 105 + 123 + -72 + -44.
112
-6 - ((-17 + 10 - -10) + (-2 - 7))
0
Evaluate 23 - (13 + -2 - ((-1 - 17) + 12 + 1)).
7
What is 50 + -16 + (-32 - -19) + 23?
44
Calculate 4 + (23 - (10 - -6)).
11
What is the value of (450 - 468) + 13 + (-3 - -6)?
-2
Evaluate -9 + (75 - 44) - (-15 - -1).
36
(74 - (23 - 10)) + -24 - 19
18
Calculate 191 - 251 - (-43 + -1).
-16
What is (6 - (-12 - -5 - -15) - -24) + -27?
-5
Evaluate -1 - (-28 - -53) - (-4 + -13 - -2).
-11
Calculate 13 + -102 + 52 - -109.
72
Calculate 133 + -13 + (-257 - -98).
-39
-4 + (-15 - -29 - 1) + (-1 - -19)
27
What is 21 - (-6 + -3) - (1 + 13 - (195 - 187))?
24
Calculate (51 - 66) + 79 + 8 + -6 + -6.
60
-3 - 61 - (-11 + -6 + 23 + -20)
-50
What is the value of -2 + -12 - (3 - (23 + -14 + -9))?
-17
Calculate -121 + (10 + 9 - 0) + (1 - -15).
-86
What is 1 + -8 + 0 + 2 + (111 - 92 - 42)?
-28
Evaluate -10 - ((-53 - (10 + -12)) + -10 + 13 + 8).
30
What is the value of -940 + 953 - (9 - (-3 - 1)) - (117 + 1)?
-118
2 - (12 + 5 - (44 - 0))
29
What is the value of 5 - 6 - (-24 - 23 - -48)?
-2
Evaluate 95 - 95 - (14 - -3) - -31.
14
What is the value of -9 + 53 + (-105 - -71)?
10
What is (-3 + -42 - (6 + 10)) + (5 - -9)?
-47
What is -23 + 106 - (63 - -73)?
-53
What is the value of (-106 - 13) + 196 + -8?
69
What is (-11 - -11) + 40 - (17 + 3)?
20
Calculate -29 - (-10 + 2 + 16 + -20 - -10).
-27
Calculate 6 - (11 + -5) - (14 - (-1 + 7 + -7)).
-15
48 - 27 - (-33 + 22)
32
Calculate -15 - (-7 + (24 - 12) + -8 + 9).
-21
Calculate 32 + (-21 - -2) + (3 - (-13 + 25)).
4
What is 0 + -27 + 108 + (-230 - -198)?
49
Calculate -5 + (4 - 6) + (-10 - (3 - (10 + -8))).
-18
What is 26 - (-22 + 54 + -40 - 51)?
85
Calculate -42 + 1 + (-12 - (-16 + -3 + -10)).
-24
Calculate 1 - ((-35 - (-54 + 22)) + 3 + -2 + 5).
-2
Evaluate -2 + -6 - (-30 - (-93 - -67)).
-4
What is 3 + (-1 - -2 - -12) + 640 + -629?
27
What is the value of 45 + (-61 - -43) + 13?
40
What is 42 - 10 - 52 - (-119 - (15 + -7))?
107
What is -4 + (4 - 2) - (-2612 + 2607)?
3
What is -40 + 1 + (1 - 13 - 3) + 4?
-50
Evaluate (5 - -51) + 0 + -9 + (12 + -16 - -15).
58
Calculate 2906 + -2832 - (42 - -1).
31
What is 31 + -91 + (15 - 3) + -17?
-65
What is the value of 0 - (59 - 82) - (-11 + 3)?
31
What is the value of (-8 - (126 + (12 - 6) + -4 + 11)) + 6?
-141
Evaluate 25 - (53 + -27) - (-21 + 6 + -5).
19
Evaluate 21 - (5 + 2) - (-2 - (4 + -11 + 8)).
17
Evaluate (13 - (0 - 1) - (-481 + 505)) + -5.
-15
Evaluate -31 + 28 - (-23 - -17 - -31).
-28
Evaluate 34 - 2 - (71 - 36).
-3
(-75 - -8) + 29 + -43 + 15
-66
-425 + 468 - (8 + -8 + 4 + -19)
58
What is (-14 - ((2 + 1 - -1) + -10 - 99)) + 10?
101
-84 - -6 - -37 - -57
16
Calculate -4572 - -4608 - (52 - 1).
-15
9 - 30 - (-88 - (-2 - 2))
63
What is (36 - (-16 - -27)) + -4 + -19?
2
What is (2 - -11) + 46 + -72 + 16 - -51?
54
-186 + 185 + 10 + -119
-110
What is -2 + (84 - -30) + -199?
-87
What is the value of (-55 - -46) + 37 - (-3 + -34)?
65
What is (21 - (-20 - (-11 + 3 + -46))) + 107?
94
What is 95 + -67 - (-6 + 26 + 10)?
-2
(-23 - (-92 + 82 - (0 + -1 + 2))) + 106
94
-29 + -1 + (-19 - (38 - 97))
10
-37 - ((-2 - -17) + -46 + 35)
-41
Calculate 39 - 4 - (-633 - -641) - 29.
-2
What is (-1 - (66 - 72)) + -1 + -3?
1
What is -18 + 19 - 0 - (-13 - -23)?
-9
-68 - (20 + -8 + -51)
-29
Calculate (1 - 14) + (1 - -2) + 89 + -5 + 4.
78
What is 56 + -58 - (-56 - -10)?
44
Calculate 53 + (-2 - (0 + -7) - 7) + (-37 - -28).
42
What is the value of 0 + 5 + (-20 - ((-9 - (1 + -6)) + -51))?
40
Calculate -208 + (114 - 86) + 87.
-93
12 + (6 - ((4 - -9) + -7) - 60) + 2
-46
81 - (-3 + 2 + -3 + (22 - 28))
91
What is -2 + 94 + 1 + 10 + (-24 + -29 - -39)?
89
Calculate (-17 - 21 - 56) + 55.
-39
Evaluate 76 + (-57 - (-81 + 45)).
55
Evaluate -6 - (-38 - -41 - -53).
-62
What is -1010 + 1040